{"id":639,"date":"2018-08-03T20:05:09","date_gmt":"2018-08-03T20:05:09","guid":{"rendered":"https:\/\/www.gs-neuershausen.de\/?page_id=639"},"modified":"2023-07-18T18:21:24","modified_gmt":"2023-07-18T18:21:24","slug":"schulgarten","status":"publish","type":"page","link":"https:\/\/gs-neuershausen.de\/?page_id=639","title":{"rendered":"Schulgarten"},"content":{"rendered":"\n<p>Zu unserer Schule geh\u00f6rt auch ein Schulgarten. Er liegt etwas abseits am Ortsende von Neuershausen.<\/p>\n\n\n\n<p>Wenn man hineingeht, sieht man B\u00e4nke und ein Gartenhaus.<\/p>\n\n\n\n<p>Wir haben verschiedene Blumen, Kr\u00e4uter, Gem\u00fcse und Beeren, zum Beispiel: Colakraut, Thymian, Rosmarin, Tomaten, dicke Bohnen, Kartoffeln, Spinat, Johannisbeeren, Lavendel, Rosen und noch viel, viel mehr.<\/p>\n\n\n\n<p>Wenn man durch den Garten nach hinten l\u00e4uft, gibt es einen gro\u00dfen Brunnen und einen Bach. Dort holen wir Wasser, um unsere Pflanzen zu gie\u00dfen.<\/p>\n\n\n\n<p>Dieses Jahr gibt es f\u00fcr die 3. und 4. Klasse die Garten AG. Wir sind f\u00fcr die Pflege unseres Schulgartens zust\u00e4ndig und haben schon ganz viel im Garten gearbeitet. Dabei helfen uns Melanie, Rebecca und Frau Meyer. Auf den Fotos k\u00f6nnt ihr sehen, was wir schon alles gemacht haben.<\/p>\n\n\n\n<p>Theresa Steiert, Klasse 3<\/p>\n\n\n\n<blockquote class=\"wp-block-quote\">\n<p><strong>Einen Garten zu pflanzen,<\/strong><\/p>\n\n\n\n<p><strong>bedeutet an Morgen zu glauben.<\/strong><\/p>\n<cite><strong>Audrey Hepburn<\/strong><\/cite><\/blockquote>\n\n\n\n<p><\/p>\n\n\n\n<p>Der <strong>Garten<\/strong> lehrt die Kinder Vieles, was sie im Leben brauchen.<\/p>\n\n\n\n<p>Sie k\u00f6nnen selbst Hand anlegen, planen und experimentieren. Dabei erleben sie, was aus ihrem Handeln erw\u00e4chst und wie sie <strong>Zukunft<\/strong> mitgestalten k\u00f6nnen.<\/p>\n\n\n\n<p>Das ist in unserer heutigen globalen Welt besonders wertvoll und l\u00e4sst unsere Kinder vielf\u00e4ltige Erfahrungen zu wichtigen Themen wie Klimawandel, Konsum, Ern\u00e4hrung, Nachhaltigkeit, Artenschutz, Artenvielfalt etc. machen.<\/p>\n\n\n\n<p>Mit unserem <strong>Gartenprojekt<\/strong> m\u00f6chten wir unseren Schulgarten neu beleben und <strong>allen<\/strong> <strong>Kindern<\/strong> unserer Schule die M\u00f6glichkeit geben, zumindest einmal in ihrer Schullaufbahn, ein sogenanntes Gartenjahr erleben zu k\u00f6nnen.<\/p>\n\n\n\n<p>Als praktische Erg\u00e4nzung unseres Sachunterrichts finden daher im Gartenhalbjahr von M\u00e4rz bis November zus\u00e4tzliche <strong>Projekttage<\/strong> am Nachmittag direkt in unserem Schulgarten statt. Dort werden beim Beete anlegen, Pflanzen, S\u00e4en, Pflegen, Ernten und beim gemeinsamen Verarbeiten der Ernte viele Kompetenzen auf sozialer, kognitiver und motorischer Ebene entwickelt, sowie neue F\u00e4higkeiten erworben.<\/p>\n\n\n\n<p>Wir freuen uns auf ein abwechslungsreiches Gartenjahr und viele spannende Erfahrungen.<\/p>\n\n\n\n<p>Ein gro\u00dfes Dankesch\u00f6n geht an den <strong>F\u00f6rderverein des Kindergartens und der Grundschule Neuershausen<\/strong>, der dieses Projekt tatkr\u00e4ftig unterst\u00fctzt und somit erst erm\u00f6glicht hat.<\/p>\n","protected":false},"excerpt":{"rendered":"<p>Zu unserer Schule geh\u00f6rt auch ein Schulgarten. Er liegt etwas abseits am Ortsende von Neuershausen. Wenn man hineingeht, sieht man B\u00e4nke und ein Gartenhaus. Wir haben verschiedene Blumen, Kr\u00e4uter, Gem\u00fcse und Beeren, zum Beispiel: Colakraut, Thymian, Rosmarin, Tomaten, dicke Bohnen, Kartoffeln, Spinat, Johannisbeeren, Lavendel, Rosen und noch viel, viel mehr. Wenn man durch den Garten &hellip; <a href=\"https:\/\/gs-neuershausen.de\/?page_id=639\" class=\"more-link\"><span class=\"screen-reader-text\">Schulgarten<\/span> weiterlesen <span class=\"meta-nav\">&rarr;<\/span><\/a><\/p>\n","protected":false},"author":1,"featured_media":0,"parent":0,"menu_order":0,"comment_status":"closed","ping_status":"closed","template":"","meta":{"footnotes":""},"_links":{"self":[{"href":"https:\/\/gs-neuershausen.de\/index.php?rest_route=\/wp\/v2\/pages\/639"}],"collection":[{"href":"https:\/\/gs-neuershausen.de\/index.php?rest_route=\/wp\/v2\/pages"}],"about":[{"href":"https:\/\/gs-neuershausen.de\/index.php?rest_route=\/wp\/v2\/types\/page"}],"author":[{"embeddable":true,"href":"https:\/\/gs-neuershausen.de\/index.php?rest_route=\/wp\/v2\/users\/1"}],"replies":[{"embeddable":true,"href":"https:\/\/gs-neuershausen.de\/index.php?rest_route=%2Fwp%2Fv2%2Fcomments&post=639"}],"version-history":[{"count":14,"href":"https:\/\/gs-neuershausen.de\/index.php?rest_route=\/wp\/v2\/pages\/639\/revisions"}],"predecessor-version":[{"id":1064,"href":"https:\/\/gs-neuershausen.de\/index.php?rest_route=\/wp\/v2\/pages\/639\/revisions\/1064"}],"wp:attachment":[{"href":"https:\/\/gs-neuershausen.de\/index.php?rest_route=%2Fwp%2Fv2%2Fmedia&parent=639"}],"curies":[{"name":"wp","href":"https:\/\/api.w.org\/{rel}","templated":true}]}}