{"id":571,"date":"2018-06-26T18:24:23","date_gmt":"2018-06-26T18:24:23","guid":{"rendered":"https:\/\/www.gs-neuershausen.de\/?page_id=571"},"modified":"2024-09-10T10:49:54","modified_gmt":"2024-09-10T10:49:54","slug":"schulhund","status":"publish","type":"page","link":"https:\/\/gs-neuershausen.de\/?page_id=571","title":{"rendered":"Schulhund"},"content":{"rendered":"<p>Liebe Zweibeiner der Grundschule Neuershausen,<\/p>\n<p>13,5 Jahre bin ich mit euch die Schultreppen hinaufgelaufen, habe mit euch \u201egelernt\u201c, mich von euch streicheln und verw\u00f6hnen lassen. DANKE!<\/p>\n<p>All die Jahre habt ihr mir vorgelesen, mir Karotten aus euren Vesperboxen gegeben (so lecker), meine Pfote bei den ersten Pr\u00e4sentationen gehalten, manche kalte Hand morgens in meinem Fell gew\u00e4rmt. Ich war mit euch im Schulgarten, ihr habt mich bei mir zu Hause zum Grillen und zu Wasserschlachten besucht, mir morgens ein freudiges \u201eSocke\u201c zugerufen, mir ein gem\u00fctliches Pl\u00e4tzchen im Klassenzimmer gegeben &#8211; auf dem ich die vergangenen Jahre sogar schnarchend ein paar Mathestunden verschlafen durfte -, habt mich ausgiebig gekrault, jedem durfte ich meine Pfote entgegenstrecken und so vieles mehr.<\/p>\n<p>Als kleiner Welpe kam ich mit vier Monaten in die damalige vierte Klasse und die \u201egro\u00dfen\u201c Grundschulkinder unter euch durften mir das erste \u201eSchul-Einmaleins\u201c beibringen. Nun bin ich mit Ende der diesj\u00e4hrigen vierten Klasse wirklich schon eine ALTE SOCKE. Ich bin fast 14 Jahre alt (in meinem Hundealter also schon fast 98), h\u00f6re nicht mehr so gut und brauche einfach etwas mehr Ruhe, so dass ich mit diesen Sommerferien \u201ein Rente gehe\u201c, auch wenn mir das echt schwerf\u00e4llt.<\/p>\n<p>Ich danke euch allen so sehr f\u00fcr die herrlichen Jahre mit und bei euch und werde mit Sicherheit von euch tr\u00e4umen, wenn ich nun vormittags auf meinem Kissen zu Hause liege, w\u00e4hrend ihr in der Schule lernt.<\/p>\n<p>Ich w\u00fcnsche euch allen alles, alles Gute, habt Dank f\u00fcr all eure Socke-Liebe, eure Streicheleinheiten, die Leckereien und vor allem euer Kinderlachen, das ich so sehr liebe.<\/p>\n<p>Ganz liebe Gr\u00fc\u00dfe, ein lautes Wuff und lasst es euch gut gehen \u2013 ich vergesse euch ganz bestimmt nicht.<\/p>\n<p>Euer Socke<\/p>\n<p><img decoding=\"async\" loading=\"lazy\" class=\"aligncenter size-full wp-image-1157\" src=\"https:\/\/gs-neuershausen.de\/wp-content\/uploads\/2024\/09\/Abschiedsbrief_Socke.png\" alt=\"\" width=\"1094\" height=\"436\" srcset=\"https:\/\/gs-neuershausen.de\/wp-content\/uploads\/2024\/09\/Abschiedsbrief_Socke.png 1094w, https:\/\/gs-neuershausen.de\/wp-content\/uploads\/2024\/09\/Abschiedsbrief_Socke-300x120.png 300w, https:\/\/gs-neuershausen.de\/wp-content\/uploads\/2024\/09\/Abschiedsbrief_Socke-1024x408.png 1024w, https:\/\/gs-neuershausen.de\/wp-content\/uploads\/2024\/09\/Abschiedsbrief_Socke-768x306.png 768w\" sizes=\"(max-width: 1094px) 100vw, 1094px\" \/><\/p>\n","protected":false},"excerpt":{"rendered":"<p>Liebe Zweibeiner der Grundschule Neuershausen, 13,5 Jahre bin ich mit euch die Schultreppen hinaufgelaufen, habe mit euch \u201egelernt\u201c, mich von euch streicheln und verw\u00f6hnen lassen. DANKE! All die Jahre habt ihr mir vorgelesen, mir Karotten aus euren Vesperboxen gegeben (so lecker), meine Pfote bei den ersten Pr\u00e4sentationen gehalten, manche kalte Hand morgens in meinem Fell &hellip; <a href=\"https:\/\/gs-neuershausen.de\/?page_id=571\" class=\"more-link\"><span class=\"screen-reader-text\">Schulhund<\/span> weiterlesen <span class=\"meta-nav\">&rarr;<\/span><\/a><\/p>\n","protected":false},"author":1,"featured_media":0,"parent":0,"menu_order":0,"comment_status":"closed","ping_status":"closed","template":"","meta":{"footnotes":""},"_links":{"self":[{"href":"https:\/\/gs-neuershausen.de\/index.php?rest_route=\/wp\/v2\/pages\/571"}],"collection":[{"href":"https:\/\/gs-neuershausen.de\/index.php?rest_route=\/wp\/v2\/pages"}],"about":[{"href":"https:\/\/gs-neuershausen.de\/index.php?rest_route=\/wp\/v2\/types\/page"}],"author":[{"embeddable":true,"href":"https:\/\/gs-neuershausen.de\/index.php?rest_route=\/wp\/v2\/users\/1"}],"replies":[{"embeddable":true,"href":"https:\/\/gs-neuershausen.de\/index.php?rest_route=%2Fwp%2Fv2%2Fcomments&post=571"}],"version-history":[{"count":12,"href":"https:\/\/gs-neuershausen.de\/index.php?rest_route=\/wp\/v2\/pages\/571\/revisions"}],"predecessor-version":[{"id":1159,"href":"https:\/\/gs-neuershausen.de\/index.php?rest_route=\/wp\/v2\/pages\/571\/revisions\/1159"}],"wp:attachment":[{"href":"https:\/\/gs-neuershausen.de\/index.php?rest_route=%2Fwp%2Fv2%2Fmedia&parent=571"}],"curies":[{"name":"wp","href":"https:\/\/api.w.org\/{rel}","templated":true}]}}