{"id":137,"date":"2018-03-04T07:00:57","date_gmt":"2018-03-04T07:00:57","guid":{"rendered":"https:\/\/www.gs-neuershausen.de\/?page_id=137"},"modified":"2018-06-21T09:40:23","modified_gmt":"2018-06-21T09:40:23","slug":"kernzeit-hort","status":"publish","type":"page","link":"https:\/\/gs-neuershausen.de\/?page_id=137","title":{"rendered":"Betreuungsangebot der Gemeinde March"},"content":{"rendered":"<h3>Unterrichtszeiten:<\/h3>\n<p id=\"magicdomid1360\" class=\"ace-line\"><span class=\"author-a-j46mifee0z66zz77z5z70zsjz84z\">1. Stunde: 7.50 &#8211; 8.35<a href=\"https:\/\/gs-neuershausen.de\/wp-content\/uploads\/2018\/04\/vogel1-1.jpg\" data-rel=\"lightbox-image-0\" data-rl_title=\"\" data-rl_caption=\"\" title=\"\"><img decoding=\"async\" loading=\"lazy\" class=\"alignright wp-image-521\" src=\"https:\/\/gs-neuershausen.de\/wp-content\/uploads\/2018\/04\/vogel1-1-298x300.jpg\" alt=\"\" width=\"158\" height=\"156\" \/><\/a><br \/>\n<\/span><span class=\"author-a-j46mifee0z66zz77z5z70zsjz84z\">2. Stunde: 8.40 &#8211; 9.25<br \/>\n<\/span><span class=\"author-a-j46mifee0z66zz77z5z70zsjz84z\">3. Stunde: 9.25 &#8211; 10.10<\/span><\/p>\n<p class=\"ace-line\"><span class=\"author-a-j46mifee0z66zz77z5z70zsjz84z\">Gro\u00dfe Pause<\/span><\/p>\n<p class=\"ace-line\"><span class=\"author-a-j46mifee0z66zz77z5z70zsjz84z\">4. Stunde: 10.35 &#8211; 11.20<br \/>\n<\/span><span class=\"author-a-j46mifee0z66zz77z5z70zsjz84z\">5. Stunde: 11.20 &#8211; 12.05<br \/>\n<\/span><span class=\"author-a-j46mifee0z66zz77z5z70zsjz84z\">6. Stunde: 12.10 &#8211; 12.55<\/span><\/p>\n<h3 class=\"ace-line\"><span class=\"author-a-j46mifee0z66zz77z5z70zsjz84z\">Kernzeitbetreuung:<\/span><\/h3>\n<p id=\"magicdomid1615\" class=\"ace-line\"><span class=\"author-a-j46mifee0z66zz77z5z70zsjz84z\">Der Kernunterricht ist eng mit einem Betreuungsangebot von 7.30 &#8211; 14.00 Uhr vernetzt.<\/span><\/p>\n<h3 id=\"magicdomid1668\" class=\"ace-line\"><span class=\"author-a-j46mifee0z66zz77z5z70zsjz84z\">Betreuung durch die flexible Nachmittagsbetreuung<\/span><\/h3>\n<div id=\"magicdomid3054\" class=\"ace-line\">\n<ul class=\"list-bullet1\">\n<li>weitere Informationen unter: <a href=\"https:\/\/www.march.de\/de\/Bildung\/Kinderg%C3%A4rten%2BHorte\/Kindergarten%2BHort?view=publish&amp;item=nursery&amp;id=1001\" target=\"_blank\" rel=\"noopener\">Nachmittagsbetreuung der Gemeinde March<\/a><\/li>\n<li><span class=\"author-a-j46mifee0z66zz77z5z70zsjz84z\">die Betreuung kostet ab dem 01.09.2018 f\u00fcr 5 Tage Betreuung 120 Euro pro Kind, zus\u00e4tzlich fallen 60 Euro f\u00fcr das Mittagessen an<\/span><\/li>\n<\/ul>\n<\/div>\n<div id=\"magicdomid3055\" class=\"ace-line\">\n<ul class=\"list-bullet1\">\n<li><span class=\"author-a-j46mifee0z66zz77z5z70zsjz84z\">Kinder k\u00f6nnen zwischen zwei und f\u00fcnf Tagen angemeldet sein. Bei zwei oder drei Tagen Betreuung m\u00fcssen die Tage jeweils aufeinander folgen, z. B. Montag &amp; Dienstag oder Mittwoch &amp; Donnerstag &amp; Freitag<\/span><\/li>\n<\/ul>\n<\/div>\n<div id=\"magicdomid3056\" class=\"ace-line\">\n<ul class=\"list-bullet1\">\n<li><span class=\"author-a-j46mifee0z66zz77z5z70zsjz84z\">die Nachmittagsbetreuung beginnt nach Schulende und endet um 16.30 Uhr<\/span><\/li>\n<\/ul>\n<\/div>\n<div id=\"magicdomid3057\" class=\"ace-line\">\n<ul class=\"list-bullet1\">\n<li><span class=\"author-a-j46mifee0z66zz77z5z70zsjz84z\">in diesem Zeitraum erhalten die Kinder ein warmes Mittagessen (Partyservice Kopf), sowie eine angeleitete Hausaufgabenbetreuung<\/span><\/li>\n<\/ul>\n<\/div>\n<div id=\"magicdomid3058\" class=\"ace-line\">\n<ul class=\"list-bullet1\">\n<li><span class=\"author-a-j46mifee0z66zz77z5z70zsjz84z\">die Kinder haben den Anspruch auf eine Ferienbetreuung (au\u00dfer w\u00e4hrend den betrieblichen Schlie\u00dftagen). Jedoch k\u00f6nnen die Kinder w\u00e4hrend den Schulferien nur f\u00fcr die Tage angemeldet werden, welche sie auch w\u00e4hrend dem Schulbetrieb gebucht haben<\/span><\/li>\n<\/ul>\n<\/div>\n<div id=\"magicdomid3060\" class=\"ace-line\">\n<ul class=\"list-bullet1\">\n<li><span class=\"author-a-j46mifee0z66zz77z5z70zsjz84z\">in den Ferien beginnt die Betreuung ab 8.00 Uhr und endet um 16.30 Uhr<\/span><\/li>\n<\/ul>\n<\/div>\n<div id=\"magicdomid2567\" class=\"ace-line\"><\/div>\n<h3 id=\"magicdomid2584\" class=\"ace-line\"><span class=\"author-a-j46mifee0z66zz77z5z70zsjz84z\">Kernzeitbetreuung<\/span><\/h3>\n<div id=\"magicdomid3896\" class=\"ace-line\">\n<ul class=\"list-bullet1\">\n<li><span class=\"author-a-j46mifee0z66zz77z5z70zsjz84z\">m\u00f6glich ist eine Betreuung von 7.30 Uhr &#8211; 8.30 Uhr und nach Schulende bis 13.30 Uhr oder 14.00 Uhr. Betreuung bis 13.30 Uhr kostet bei 5 Tagen pro Woche 40 Euro, Betreuung bis 14 Uhr 50 Euro pro Woche. Falls zwei oder mehr Kinder einer Familie in einer Einrichtung der Gemeinde March betreut werden, gibt es eine Kostenstaffelung und quasi einen &#8222;Rabatt&#8220;<\/span><\/li>\n<\/ul>\n<\/div>\n<div id=\"magicdomid3897\" class=\"ace-line\">\n<ul class=\"list-bullet1\">\n<li><span class=\"author-a-j46mifee0z66zz77z5z70zsjz84z\">es k\u00f6nnen auch nur einzelne Tage gebucht werden, je nach Bedarf<\/span><\/li>\n<\/ul>\n<\/div>\n<div id=\"magicdomid3898\" class=\"ace-line\">\n<ul class=\"list-bullet1\">\n<li><span class=\"author-a-j46mifee0z66zz77z5z70zsjz84z\">Kinder, welche nur morgens die Kernzeit nutzen, werden dennoch von der Gemeinde f\u00fcr die Betreuung bis 13.30 abgerechnet<\/span><\/li>\n<\/ul>\n<\/div>\n<div id=\"magicdomid3899\" class=\"ace-line\">\n<ul class=\"list-bullet1\">\n<li><span class=\"author-a-j46mifee0z66zz77z5z70zsjz84z\">Hausaufgaben k\u00f6nnen die Kinder in Eigenverantwortung erledigen, korrigiert werden sie jedoch nicht<\/span><\/li>\n<\/ul>\n<\/div>\n<div id=\"magicdomid3900\" class=\"ace-line\">\n<ul class=\"list-bullet1\">\n<li><span class=\"author-a-j46mifee0z66zz77z5z70zsjz84z\">es kann ein zweites Vesper mitgegeben werden, ein warmes Mittagessen gibt es nicht<\/span><\/li>\n<\/ul>\n<\/div>\n<div id=\"magicdomid3901\" class=\"ace-line\">\n<ul class=\"list-bullet1\">\n<li><span class=\"author-a-j46mifee0z66zz77z5z70zsjz84z\">Es gibt keine Ferienbetreuung und keine M\u00f6glichkeit Ihr Kind in den Ferien im Hort zu betreuen<\/span><\/li>\n<\/ul>\n<\/div>\n<div id=\"magicdomid3902\" class=\"ace-line\">\n<ul class=\"list-bullet1\">\n<li><span class=\"author-a-j46mifee0z66zz77z5z70zsjz84z\">der <a href=\"http:\/\/www.fvgsn.de\/\" target=\"_blank\" rel=\"noopener\">F\u00f6rderverein der Grundschule<\/a> bietet Ferienbetreuung in den Sommerferien an<\/span><\/li>\n<\/ul>\n<\/div>\n<p>&nbsp;<\/p>\n","protected":false},"excerpt":{"rendered":"<p>Unterrichtszeiten: 1. Stunde: 7.50 &#8211; 8.35 2. Stunde: 8.40 &#8211; 9.25 3. Stunde: 9.25 &#8211; 10.10 Gro\u00dfe Pause 4. Stunde: 10.35 &#8211; 11.20 5. Stunde: 11.20 &#8211; 12.05 6. Stunde: 12.10 &#8211; 12.55 Kernzeitbetreuung: Der Kernunterricht ist eng mit einem Betreuungsangebot von 7.30 &#8211; 14.00 Uhr vernetzt. Betreuung durch die flexible Nachmittagsbetreuung weitere Informationen unter: &hellip; <a href=\"https:\/\/gs-neuershausen.de\/?page_id=137\" class=\"more-link\"><span class=\"screen-reader-text\">Betreuungsangebot der Gemeinde March<\/span> weiterlesen <span class=\"meta-nav\">&rarr;<\/span><\/a><\/p>\n","protected":false},"author":1,"featured_media":0,"parent":0,"menu_order":0,"comment_status":"closed","ping_status":"closed","template":"","meta":{"footnotes":""},"_links":{"self":[{"href":"https:\/\/gs-neuershausen.de\/index.php?rest_route=\/wp\/v2\/pages\/137"}],"collection":[{"href":"https:\/\/gs-neuershausen.de\/index.php?rest_route=\/wp\/v2\/pages"}],"about":[{"href":"https:\/\/gs-neuershausen.de\/index.php?rest_route=\/wp\/v2\/types\/page"}],"author":[{"embeddable":true,"href":"https:\/\/gs-neuershausen.de\/index.php?rest_route=\/wp\/v2\/users\/1"}],"replies":[{"embeddable":true,"href":"https:\/\/gs-neuershausen.de\/index.php?rest_route=%2Fwp%2Fv2%2Fcomments&post=137"}],"version-history":[{"count":14,"href":"https:\/\/gs-neuershausen.de\/index.php?rest_route=\/wp\/v2\/pages\/137\/revisions"}],"predecessor-version":[{"id":548,"href":"https:\/\/gs-neuershausen.de\/index.php?rest_route=\/wp\/v2\/pages\/137\/revisions\/548"}],"wp:attachment":[{"href":"https:\/\/gs-neuershausen.de\/index.php?rest_route=%2Fwp%2Fv2%2Fmedia&parent=137"}],"curies":[{"name":"wp","href":"https:\/\/api.w.org\/{rel}","templated":true}]}}

<h3>Unterrichtszeiten:</h3>
<p id="magicdomid1360" class="ace-line"><span class="author-a-j46mifee0z66zz77z5z70zsjz84z">1. Stunde: 7.50 &#8211; 8.35<a href="https://gs-neuershausen.de/wp-content/uploads/2018/04/vogel1-1.jpg" data-rel="lightbox-image-0" data-rl_title="" data-rl_caption="" title=""><img decoding="async" loading="lazy" class="alignright wp-image-521" src="https://gs-neuershausen.de/wp-content/uploads/2018/04/vogel1-1-298x300.jpg" alt="" width="158" height="156" /></a><br />
</span><span class="author-a-j46mifee0z66zz77z5z70zsjz84z">2. Stunde: 8.40 &#8211; 9.25<br />
</span><span class="author-a-j46mifee0z66zz77z5z70zsjz84z">3. Stunde: 9.25 &#8211; 10.10</span></p>
<p class="ace-line"><span class="author-a-j46mifee0z66zz77z5z70zsjz84z">Große Pause</span></p>
<p class="ace-line"><span class="author-a-j46mifee0z66zz77z5z70zsjz84z">4. Stunde: 10.35 &#8211; 11.20<br />
</span><span class="author-a-j46mifee0z66zz77z5z70zsjz84z">5. Stunde: 11.20 &#8211; 12.05<br />
</span><span class="author-a-j46mifee0z66zz77z5z70zsjz84z">6. Stunde: 12.10 &#8211; 12.55</span></p>
<h3 class="ace-line"><span class="author-a-j46mifee0z66zz77z5z70zsjz84z">Kernzeitbetreuung:</span></h3>
<p id="magicdomid1615" class="ace-line"><span class="author-a-j46mifee0z66zz77z5z70zsjz84z">Der Kernunterricht ist eng mit einem Betreuungsangebot von 7.30 &#8211; 14.00 Uhr vernetzt.</span></p>
<h3 id="magicdomid1668" class="ace-line"><span class="author-a-j46mifee0z66zz77z5z70zsjz84z">Betreuung durch die flexible Nachmittagsbetreuung</span></h3>
<div id="magicdomid3054" class="ace-line">
<ul class="list-bullet1">
<li>weitere Informationen unter: <a href="https://www.march.de/de/Bildung/Kinderg%C3%A4rten%2BHorte/Kindergarten%2BHort?view=publish&amp;item=nursery&amp;id=1001" target="_blank" rel="noopener">Nachmittagsbetreuung der Gemeinde March</a></li>
<li><span class="author-a-j46mifee0z66zz77z5z70zsjz84z">die Betreuung kostet ab dem 01.09.2018 für 5 Tage Betreuung 120 Euro pro Kind, zusätzlich fallen 60 Euro für das Mittagessen an</span></li>
</ul>
</div>
<div id="magicdomid3055" class="ace-line">
<ul class="list-bullet1">
<li><span class="author-a-j46mifee0z66zz77z5z70zsjz84z">Kinder können zwischen zwei und fünf Tagen angemeldet sein. Bei zwei oder drei Tagen Betreuung müssen die Tage jeweils aufeinander folgen, z. B. Montag &amp; Dienstag oder Mittwoch &amp; Donnerstag &amp; Freitag</span></li>
</ul>
</div>
<div id="magicdomid3056" class="ace-line">
<ul class="list-bullet1">
<li><span class="author-a-j46mifee0z66zz77z5z70zsjz84z">die Nachmittagsbetreuung beginnt nach Schulende und endet um 16.30 Uhr</span></li>
</ul>
</div>
<div id="magicdomid3057" class="ace-line">
<ul class="list-bullet1">
<li><span class="author-a-j46mifee0z66zz77z5z70zsjz84z">in diesem Zeitraum erhalten die Kinder ein warmes Mittagessen (Partyservice Kopf), sowie eine angeleitete Hausaufgabenbetreuung</span></li>
</ul>
</div>
<div id="magicdomid3058" class="ace-line">
<ul class="list-bullet1">
<li><span class="author-a-j46mifee0z66zz77z5z70zsjz84z">die Kinder haben den Anspruch auf eine Ferienbetreuung (außer während den betrieblichen Schließtagen). Jedoch können die Kinder während den Schulferien nur für die Tage angemeldet werden, welche sie auch während dem Schulbetrieb gebucht haben</span></li>
</ul>
</div>
<div id="magicdomid3060" class="ace-line">
<ul class="list-bullet1">
<li><span class="author-a-j46mifee0z66zz77z5z70zsjz84z">in den Ferien beginnt die Betreuung ab 8.00 Uhr und endet um 16.30 Uhr</span></li>
</ul>
</div>
<div id="magicdomid2567" class="ace-line"></div>
<h3 id="magicdomid2584" class="ace-line"><span class="author-a-j46mifee0z66zz77z5z70zsjz84z">Kernzeitbetreuung</span></h3>
<div id="magicdomid3896" class="ace-line">
<ul class="list-bullet1">
<li><span class="author-a-j46mifee0z66zz77z5z70zsjz84z">möglich ist eine Betreuung von 7.30 Uhr &#8211; 8.30 Uhr und nach Schulende bis 13.30 Uhr oder 14.00 Uhr. Betreuung bis 13.30 Uhr kostet bei 5 Tagen pro Woche 40 Euro, Betreuung bis 14 Uhr 50 Euro pro Woche. Falls zwei oder mehr Kinder einer Familie in einer Einrichtung der Gemeinde March betreut werden, gibt es eine Kostenstaffelung und quasi einen &#8222;Rabatt&#8220;</span></li>
</ul>
</div>
<div id="magicdomid3897" class="ace-line">
<ul class="list-bullet1">
<li><span class="author-a-j46mifee0z66zz77z5z70zsjz84z">es können auch nur einzelne Tage gebucht werden, je nach Bedarf</span></li>
</ul>
</div>
<div id="magicdomid3898" class="ace-line">
<ul class="list-bullet1">
<li><span class="author-a-j46mifee0z66zz77z5z70zsjz84z">Kinder, welche nur morgens die Kernzeit nutzen, werden dennoch von der Gemeinde für die Betreuung bis 13.30 abgerechnet</span></li>
</ul>
</div>
<div id="magicdomid3899" class="ace-line">
<ul class="list-bullet1">
<li><span class="author-a-j46mifee0z66zz77z5z70zsjz84z">Hausaufgaben können die Kinder in Eigenverantwortung erledigen, korrigiert werden sie jedoch nicht</span></li>
</ul>
</div>
<div id="magicdomid3900" class="ace-line">
<ul class="list-bullet1">
<li><span class="author-a-j46mifee0z66zz77z5z70zsjz84z">es kann ein zweites Vesper mitgegeben werden, ein warmes Mittagessen gibt es nicht</span></li>
</ul>
</div>
<div id="magicdomid3901" class="ace-line">
<ul class="list-bullet1">
<li><span class="author-a-j46mifee0z66zz77z5z70zsjz84z">Es gibt keine Ferienbetreuung und keine Möglichkeit Ihr Kind in den Ferien im Hort zu betreuen</span></li>
</ul>
</div>
<div id="magicdomid3902" class="ace-line">
<ul class="list-bullet1">
<li><span class="author-a-j46mifee0z66zz77z5z70zsjz84z">der <a href="http://www.fvgsn.de/" target="_blank" rel="noopener">Förderverein der Grundschule</a> bietet Ferienbetreuung in den Sommerferien an</span></li>
</ul>
</div>
<p>&nbsp;</p>

<p>Unterrichtszeiten: 1. Stunde: 7.50 &#8211; 8.35 2. Stunde: 8.40 &#8211; 9.25 3. Stunde: 9.25 &#8211; 10.10 Große Pause 4. Stunde: 10.35 &#8211; 11.20 5. Stunde: 11.20 &#8211; 12.05 6. Stunde: 12.10 &#8211; 12.55 Kernzeitbetreuung: Der Kernunterricht ist eng mit einem Betreuungsangebot von 7.30 &#8211; 14.00 Uhr vernetzt. Betreuung durch die flexible Nachmittagsbetreuung weitere Informationen unter: &hellip; <a href="https://gs-neuershausen.de/?page_id=137" class="more-link"><span class="screen-reader-text">Betreuungsangebot der Gemeinde March</span> weiterlesen <span class="meta-nav">&rarr;</span></a></p>
